{"id":97,"date":"2022-12-21T09:32:24","date_gmt":"2022-12-21T09:32:24","guid":{"rendered":"https:\/\/www.ipa-acon.nl\/wordpress\/?page_id=97"},"modified":"2022-12-21T10:27:56","modified_gmt":"2022-12-21T10:27:56","slug":"financiele-administratie-van-ipa-acon","status":"publish","type":"page","link":"https:\/\/www.ipa-acon.nl\/wordpress\/financiele-administratie-van-ipa-acon\/","title":{"rendered":"Financi\u00eble administratie van IPA-ACON"},"content":{"rendered":"<p>[et_pb_section fb_built=&#8221;1&#8243; _builder_version=&#8221;4.19.4&#8243; _module_preset=&#8221;default&#8221; custom_padding=&#8221;0px||||false|false&#8221; global_colors_info=&#8221;{}&#8221;][et_pb_row use_custom_gutter=&#8221;on&#8221; gutter_width=&#8221;1&#8243; _builder_version=&#8221;4.19.4&#8243; _module_preset=&#8221;default&#8221; width=&#8221;100%&#8221; max_width=&#8221;1920px&#8221; module_alignment=&#8221;center&#8221; custom_margin=&#8221;0px||0px||false|false&#8221; custom_padding=&#8221;0px||0px||false|false&#8221; global_colors_info=&#8221;{}&#8221;][et_pb_column type=&#8221;4_4&#8243; _builder_version=&#8221;4.19.4&#8243; _module_preset=&#8221;default&#8221; global_colors_info=&#8221;{}&#8221;][et_pb_image src=&#8221;https:\/\/www.ipa-acon.nl\/wordpress\/wp-content\/uploads\/2022\/12\/IPA-ACON.jpg&#8221; alt=&#8221;IPA-ACON&#8221; title_text=&#8221;IPA-ACON&#8221; force_fullwidth=&#8221;on&#8221; _builder_version=&#8221;4.19.4&#8243; _module_preset=&#8221;default&#8221; custom_margin=&#8221;0px||||false|false&#8221; custom_padding=&#8221;0px||||false|false&#8221; global_colors_info=&#8221;{}&#8221;][\/et_pb_image][\/et_pb_column][\/et_pb_row][\/et_pb_section][et_pb_section fb_built=&#8221;1&#8243; _builder_version=&#8221;4.19.4&#8243; _module_preset=&#8221;default&#8221; global_colors_info=&#8221;{}&#8221;][et_pb_row _builder_version=&#8221;4.19.4&#8243; _module_preset=&#8221;default&#8221; global_colors_info=&#8221;{}&#8221;][et_pb_column type=&#8221;4_4&#8243; _builder_version=&#8221;4.19.4&#8243; _module_preset=&#8221;default&#8221; global_colors_info=&#8221;{}&#8221;][et_pb_text _builder_version=&#8221;4.19.4&#8243; _module_preset=&#8221;default&#8221; global_colors_info=&#8221;{}&#8221;]<\/p>\n<h1>Financi\u00eble administratie<\/h1>\n<p>Een goede financi\u00eble administratie is onmisbaar voor elke onderneming! Wij willen samen met u de actuele financi\u00eble positie van uw onderneming op basis van de financi\u00eble administratie op elk gewenst moment kunnen produceren. Dit geeft u inzicht in hoe uw onderneming ervoor staat en u kunt daarmee uw onderneming aansturen daar waar nodig. Wij hebben ruime ervaring in inrichting, verwerking en controle van uw financi\u00eble administraties. We leggen de nadruk op de samenwerking tussen u en ons kantoor, want u bent leidend in de keuze hoe en wanneer u gebruik wilt maken van onze dienstverlening.<\/p>\n<p>Wij kunnen u onder andere begeleiden in:<\/p>\n<p>* Het voeren van uw (online) administratie<br \/>\n* Het opstellen van (tussentijdse) rapportages<br \/>\n* Het opstellen van begrotingen en prognoses<br \/>\n* Bedrijfsovernames en fusies<br \/>\n* Due dilligence onderzoeken<\/p>\n<p>U kunt ervoor kiezen de gehele financi\u00eble administratie uit te besteden aan ons, maar u kunt ook een groot gedeelte ervan zelf doen. Wij stemmen onze diensten af op uw specifieke behoeften en wensen. Wij zullen, ongeacht de omvang van uw onderneming, ervoor zorgen dat uw cijfers al onze aandacht krijgen, zodat de cijfers altijd juist en actueel aan u kunnen worden gepresenteerd. Wij hebben zeer professionele administrateurs in dienst die ervoor zullen zorgen dat er zoveel mogelijk financi\u00eble voordelen optimaal worden benut.<\/p>\n<p>Zonder al te veel omkijken kunt u uw administratie dus uitbesteden aan IPA-ACON. Onze afdeling met de naam De Clercq Administratie en Belastingadvies is onderdeel van IPA-ACON. U krijgt een vast aanspreekpunt binnen onze organisatie waar u in eerste instantie met al vragen terecht kunt. Deze medewerker kent uw dossier zodat u niet telkens hoeft uit te leggen wie u bent en wat er bij u speelt.<\/p>\n<p>\u00a0<\/p>\n<p>Voor meer informatie of een offerte voor uw financi\u00eble administratie of advisering\u00a0kunt u contact opnemen met David Hobo, telefoon (023) 5261903.<\/p>\n<p>\u00a0<br \/>\n\u00a0[\/et_pb_text][\/et_pb_column][\/et_pb_row][\/et_pb_section][et_pb_section fb_built=&#8221;1&#8243; _builder_version=&#8221;4.19.4&#8243; _module_preset=&#8221;default&#8221; background_color=&#8221;#f8f8f8&#8243; custom_margin=&#8221;5px||0px||false|false&#8221; custom_padding=&#8221;5px||5px||false|false&#8221; global_module=&#8221;156&#8243; saved_tabs=&#8221;all&#8221; global_colors_info=&#8221;{}&#8221;][et_pb_row _builder_version=&#8221;4.19.4&#8243; _module_preset=&#8221;default&#8221; custom_margin=&#8221;||3px||false|false&#8221; custom_padding=&#8221;||3px||false|false&#8221; global_colors_info=&#8221;{}&#8221;][et_pb_column type=&#8221;4_4&#8243; _builder_version=&#8221;4.19.4&#8243; _module_preset=&#8221;default&#8221; global_colors_info=&#8221;{}&#8221;][et_pb_text admin_label=&#8221;Bekijk ook onze andere diensten&#8221; _builder_version=&#8221;4.19.4&#8243; _module_preset=&#8221;default&#8221; header_text_align=&#8221;center&#8221; text_orientation=&#8221;center&#8221; global_colors_info=&#8221;{}&#8221;]<\/p>\n<h2>Bekijk ook onze andere diensten<\/h2>\n<p>[\/et_pb_text][\/et_pb_column][\/et_pb_row][et_pb_row column_structure=&#8221;1_6,1_6,1_6,1_6,1_6,1_6&#8243; _builder_version=&#8221;4.19.4&#8243; _module_preset=&#8221;default&#8221; global_colors_info=&#8221;{}&#8221;][et_pb_column type=&#8221;1_6&#8243; _builder_version=&#8221;4.19.4&#8243; _module_preset=&#8221;default&#8221; global_colors_info=&#8221;{}&#8221;][et_pb_text admin_label=&#8221;Accountancy&#8221; _builder_version=&#8221;4.19.4&#8243; _module_preset=&#8221;default&#8221; text_orientation=&#8221;center&#8221; link_option_url=&#8221;https:\/\/www.ipa-acon.nl\/wordpress\/&#8221; global_colors_info=&#8221;{}&#8221;]<i class=\"fa-solid fa-suitcase\"><\/i><br \/>\n<strong>Accountancy<\/strong><br \/>\n<a class=\"diensten-link\" href=\"#\"><i class=\"fa-sharp fa-solid fa-circle-arrow-right\"><\/i> Bekijk deze dienst<\/a>[\/et_pb_text][\/et_pb_column][et_pb_column type=&#8221;1_6&#8243; _builder_version=&#8221;4.19.4&#8243; _module_preset=&#8221;default&#8221; global_colors_info=&#8221;{}&#8221;][et_pb_text admin_label=&#8221;Mediation&#8221; _builder_version=&#8221;4.19.4&#8243; _module_preset=&#8221;default&#8221; text_orientation=&#8221;center&#8221; link_option_url=&#8221;https:\/\/www.ipa-acon.nl\/wordpress\/&#8221; global_colors_info=&#8221;{}&#8221;]<i class=\"fa-solid fa-suitcase\"><\/i><br \/>\n<strong>Mediation<\/strong><br \/>\n<a class=\"diensten-link\" href=\"#\"><i class=\"fa-sharp fa-solid fa-circle-arrow-right\"><\/i> Bekijk deze dienst<\/a>[\/et_pb_text][\/et_pb_column][et_pb_column type=&#8221;1_6&#8243; _builder_version=&#8221;4.19.4&#8243; _module_preset=&#8221;default&#8221; global_colors_info=&#8221;{}&#8221;][et_pb_text admin_label=&#8221;advisering&#8221; _builder_version=&#8221;4.19.4&#8243; _module_preset=&#8221;default&#8221; text_orientation=&#8221;center&#8221; link_option_url=&#8221;https:\/\/www.ipa-acon.nl\/wordpress\/&#8221; global_colors_info=&#8221;{}&#8221;]<i class=\"fa-solid fa-suitcase\"><\/i><br \/>\n<strong>Fiscale advisering<\/strong><br \/>\n<a class=\"diensten-link\" href=\"#\"><i class=\"fa-sharp fa-solid fa-circle-arrow-right\"><\/i> Bekijk deze dienst<\/a>[\/et_pb_text][\/et_pb_column][et_pb_column type=&#8221;1_6&#8243; _builder_version=&#8221;4.19.4&#8243; _module_preset=&#8221;default&#8221; global_colors_info=&#8221;{}&#8221;][et_pb_text admin_label=&#8221;Financi\u00eble administratie&#8221; _builder_version=&#8221;4.19.4&#8243; _module_preset=&#8221;default&#8221; text_orientation=&#8221;center&#8221; link_option_url=&#8221;https:\/\/www.ipa-acon.nl\/wordpress\/&#8221; global_colors_info=&#8221;{}&#8221;]<i class=\"fa-solid fa-suitcase\"><\/i><br \/>\n<strong>Financi\u00eble administratie <\/strong><br \/>\n<a class=\"diensten-link\" href=\"#\"><i class=\"fa-sharp fa-solid fa-circle-arrow-right\"><\/i> Bekijk deze dienst<\/a>[\/et_pb_text][\/et_pb_column][et_pb_column type=&#8221;1_6&#8243; _builder_version=&#8221;4.19.4&#8243; _module_preset=&#8221;default&#8221; global_colors_info=&#8221;{}&#8221;][et_pb_text admin_label=&#8221;salarisadmin&#8221; _builder_version=&#8221;4.19.4&#8243; _module_preset=&#8221;default&#8221; text_orientation=&#8221;center&#8221; link_option_url=&#8221;https:\/\/www.ipa-acon.nl\/wordpress\/&#8221; global_colors_info=&#8221;{}&#8221;]<i class=\"fa-solid fa-suitcase\"><\/i><br \/>\n<strong>Salaris-<br \/>\nadministratie <\/strong><br \/>\n<a class=\"diensten-link\" href=\"#\"><i class=\"fa-sharp fa-solid fa-circle-arrow-right\"><\/i> Bekijk deze dienst<\/a>[\/et_pb_text][\/et_pb_column][et_pb_column type=&#8221;1_6&#8243; _builder_version=&#8221;4.19.4&#8243; _module_preset=&#8221;default&#8221; global_colors_info=&#8221;{}&#8221;][et_pb_text admin_label=&#8221;Bewindvoering, curatele en mentorschap&#8221; _builder_version=&#8221;4.19.4&#8243; _module_preset=&#8221;default&#8221; text_orientation=&#8221;center&#8221; link_option_url=&#8221;https:\/\/www.ipa-acon.nl\/wordpress\/&#8221; global_colors_info=&#8221;{}&#8221;]<i class=\"fa-solid fa-suitcase\"><\/i><br \/>\n<span style=\"font-weight:bold;font-size:16px;\">Bewindvoering, curatele en mentorschap<\/span><br \/>\n<a class=\"diensten-link\" href=\"#\"><i class=\"fa-sharp fa-solid fa-circle-arrow-right\"><\/i> Bekijk deze dienst<\/a>[\/et_pb_text][\/et_pb_column][\/et_pb_row][\/et_pb_section]<\/p>\n","protected":false},"excerpt":{"rendered":"<p>Financi\u00eble administratie Een goede financi\u00eble administratie is onmisbaar voor elke onderneming! Wij willen samen met u de actuele financi\u00eble positie van uw onderneming op basis van de financi\u00eble administratie op elk gewenst moment kunnen produceren. Dit geeft u inzicht in hoe uw onderneming ervoor staat en u kunt daarmee uw onderneming aansturen daar waar nodig. [&hellip;]<\/p>\n","protected":false},"author":2,"featured_media":0,"parent":0,"menu_order":0,"comment_status":"closed","ping_status":"closed","template":"","meta":{"_et_pb_use_builder":"on","_et_pb_old_content":"","_et_gb_content_width":"","footnotes":""},"class_list":["post-97","page","type-page","status-publish","hentry"],"yoast_head":"<!-- This site is optimized with the Yoast SEO plugin v27.3 - https:\/\/yoast.com\/product\/yoast-seo-wordpress\/ -->\n<title>Financi\u00eble administratie van IPA-ACON - Ipa-Acon<\/title>\n<meta name=\"robots\" content=\"index, follow, max-snippet:-1, max-image-preview:large, max-video-preview:-1\" \/>\n<link rel=\"canonical\" href=\"https:\/\/www.ipa-acon.nl\/wordpress\/financiele-administratie-van-ipa-acon\/\" \/>\n<meta property=\"og:locale\" content=\"nl_NL\" \/>\n<meta property=\"og:type\" content=\"article\" \/>\n<meta property=\"og:title\" content=\"Financi\u00eble administratie van IPA-ACON - Ipa-Acon\" \/>\n<meta property=\"og:description\" content=\"Financi\u00eble administratie Een goede financi\u00eble administratie is onmisbaar voor elke onderneming! Wij willen samen met u de actuele financi\u00eble positie van uw onderneming op basis van de financi\u00eble administratie op elk gewenst moment kunnen produceren. Dit geeft u inzicht in hoe uw onderneming ervoor staat en u kunt daarmee uw onderneming aansturen daar waar nodig. [&hellip;]\" \/>\n<meta property=\"og:url\" content=\"https:\/\/www.ipa-acon.nl\/wordpress\/financiele-administratie-van-ipa-acon\/\" \/>\n<meta property=\"og:site_name\" content=\"Ipa-Acon\" \/>\n<meta property=\"article:publisher\" content=\"https:\/\/www.facebook.com\/svbvermogensbeheer\" \/>\n<meta property=\"article:modified_time\" content=\"2022-12-21T10:27:56+00:00\" \/>\n<meta name=\"twitter:card\" content=\"summary_large_image\" \/>\n<meta name=\"twitter:label1\" content=\"Geschatte leestijd\" \/>\n\t<meta name=\"twitter:data1\" content=\"3 minuten\" \/>\n<script type=\"application\/ld+json\" class=\"yoast-schema-graph\">{\"@context\":\"https:\\\/\\\/schema.org\",\"@graph\":[{\"@type\":\"WebPage\",\"@id\":\"https:\\\/\\\/www.ipa-acon.nl\\\/wordpress\\\/financiele-administratie-van-ipa-acon\\\/\",\"url\":\"https:\\\/\\\/www.ipa-acon.nl\\\/wordpress\\\/financiele-administratie-van-ipa-acon\\\/\",\"name\":\"Financi\u00eble administratie van IPA-ACON - Ipa-Acon\",\"isPartOf\":{\"@id\":\"https:\\\/\\\/www.ipa-acon.nl\\\/wordpress\\\/#website\"},\"datePublished\":\"2022-12-21T09:32:24+00:00\",\"dateModified\":\"2022-12-21T10:27:56+00:00\",\"breadcrumb\":{\"@id\":\"https:\\\/\\\/www.ipa-acon.nl\\\/wordpress\\\/financiele-administratie-van-ipa-acon\\\/#breadcrumb\"},\"inLanguage\":\"nl-NL\",\"potentialAction\":[{\"@type\":\"ReadAction\",\"target\":[\"https:\\\/\\\/www.ipa-acon.nl\\\/wordpress\\\/financiele-administratie-van-ipa-acon\\\/\"]}]},{\"@type\":\"BreadcrumbList\",\"@id\":\"https:\\\/\\\/www.ipa-acon.nl\\\/wordpress\\\/financiele-administratie-van-ipa-acon\\\/#breadcrumb\",\"itemListElement\":[{\"@type\":\"ListItem\",\"position\":1,\"name\":\"Home\",\"item\":\"https:\\\/\\\/www.ipa-acon.nl\\\/wordpress\\\/\"},{\"@type\":\"ListItem\",\"position\":2,\"name\":\"Financi\u00eble administratie van IPA-ACON\"}]},{\"@type\":\"WebSite\",\"@id\":\"https:\\\/\\\/www.ipa-acon.nl\\\/wordpress\\\/#website\",\"url\":\"https:\\\/\\\/www.ipa-acon.nl\\\/wordpress\\\/\",\"name\":\"Ipa-Acon\",\"description\":\"\",\"publisher\":{\"@id\":\"https:\\\/\\\/www.ipa-acon.nl\\\/wordpress\\\/#organization\"},\"potentialAction\":[{\"@type\":\"SearchAction\",\"target\":{\"@type\":\"EntryPoint\",\"urlTemplate\":\"https:\\\/\\\/www.ipa-acon.nl\\\/wordpress\\\/?s={search_term_string}\"},\"query-input\":{\"@type\":\"PropertyValueSpecification\",\"valueRequired\":true,\"valueName\":\"search_term_string\"}}],\"inLanguage\":\"nl-NL\"},{\"@type\":\"Organization\",\"@id\":\"https:\\\/\\\/www.ipa-acon.nl\\\/wordpress\\\/#organization\",\"name\":\"Ipa-Acon\",\"url\":\"https:\\\/\\\/www.ipa-acon.nl\\\/wordpress\\\/\",\"logo\":{\"@type\":\"ImageObject\",\"inLanguage\":\"nl-NL\",\"@id\":\"https:\\\/\\\/www.ipa-acon.nl\\\/wordpress\\\/#\\\/schema\\\/logo\\\/image\\\/\",\"url\":\"https:\\\/\\\/www.ipa-acon.nl\\\/wordpress\\\/wp-content\\\/uploads\\\/2026\\\/02\\\/logo-ipa-acon.png\",\"contentUrl\":\"https:\\\/\\\/www.ipa-acon.nl\\\/wordpress\\\/wp-content\\\/uploads\\\/2026\\\/02\\\/logo-ipa-acon.png\",\"width\":116,\"height\":131,\"caption\":\"Ipa-Acon\"},\"image\":{\"@id\":\"https:\\\/\\\/www.ipa-acon.nl\\\/wordpress\\\/#\\\/schema\\\/logo\\\/image\\\/\"},\"sameAs\":[\"https:\\\/\\\/www.facebook.com\\\/svbvermogensbeheer\"]}]}<\/script>\n<!-- \/ Yoast SEO plugin. -->","yoast_head_json":{"title":"Financi\u00eble administratie van IPA-ACON - Ipa-Acon","robots":{"index":"index","follow":"follow","max-snippet":"max-snippet:-1","max-image-preview":"max-image-preview:large","max-video-preview":"max-video-preview:-1"},"canonical":"https:\/\/www.ipa-acon.nl\/wordpress\/financiele-administratie-van-ipa-acon\/","og_locale":"nl_NL","og_type":"article","og_title":"Financi\u00eble administratie van IPA-ACON - Ipa-Acon","og_description":"Financi\u00eble administratie Een goede financi\u00eble administratie is onmisbaar voor elke onderneming! Wij willen samen met u de actuele financi\u00eble positie van uw onderneming op basis van de financi\u00eble administratie op elk gewenst moment kunnen produceren. Dit geeft u inzicht in hoe uw onderneming ervoor staat en u kunt daarmee uw onderneming aansturen daar waar nodig. [&hellip;]","og_url":"https:\/\/www.ipa-acon.nl\/wordpress\/financiele-administratie-van-ipa-acon\/","og_site_name":"Ipa-Acon","article_publisher":"https:\/\/www.facebook.com\/svbvermogensbeheer","article_modified_time":"2022-12-21T10:27:56+00:00","twitter_card":"summary_large_image","twitter_misc":{"Geschatte leestijd":"3 minuten"},"schema":{"@context":"https:\/\/schema.org","@graph":[{"@type":"WebPage","@id":"https:\/\/www.ipa-acon.nl\/wordpress\/financiele-administratie-van-ipa-acon\/","url":"https:\/\/www.ipa-acon.nl\/wordpress\/financiele-administratie-van-ipa-acon\/","name":"Financi\u00eble administratie van IPA-ACON - Ipa-Acon","isPartOf":{"@id":"https:\/\/www.ipa-acon.nl\/wordpress\/#website"},"datePublished":"2022-12-21T09:32:24+00:00","dateModified":"2022-12-21T10:27:56+00:00","breadcrumb":{"@id":"https:\/\/www.ipa-acon.nl\/wordpress\/financiele-administratie-van-ipa-acon\/#breadcrumb"},"inLanguage":"nl-NL","potentialAction":[{"@type":"ReadAction","target":["https:\/\/www.ipa-acon.nl\/wordpress\/financiele-administratie-van-ipa-acon\/"]}]},{"@type":"BreadcrumbList","@id":"https:\/\/www.ipa-acon.nl\/wordpress\/financiele-administratie-van-ipa-acon\/#breadcrumb","itemListElement":[{"@type":"ListItem","position":1,"name":"Home","item":"https:\/\/www.ipa-acon.nl\/wordpress\/"},{"@type":"ListItem","position":2,"name":"Financi\u00eble administratie van IPA-ACON"}]},{"@type":"WebSite","@id":"https:\/\/www.ipa-acon.nl\/wordpress\/#website","url":"https:\/\/www.ipa-acon.nl\/wordpress\/","name":"Ipa-Acon","description":"","publisher":{"@id":"https:\/\/www.ipa-acon.nl\/wordpress\/#organization"},"potentialAction":[{"@type":"SearchAction","target":{"@type":"EntryPoint","urlTemplate":"https:\/\/www.ipa-acon.nl\/wordpress\/?s={search_term_string}"},"query-input":{"@type":"PropertyValueSpecification","valueRequired":true,"valueName":"search_term_string"}}],"inLanguage":"nl-NL"},{"@type":"Organization","@id":"https:\/\/www.ipa-acon.nl\/wordpress\/#organization","name":"Ipa-Acon","url":"https:\/\/www.ipa-acon.nl\/wordpress\/","logo":{"@type":"ImageObject","inLanguage":"nl-NL","@id":"https:\/\/www.ipa-acon.nl\/wordpress\/#\/schema\/logo\/image\/","url":"https:\/\/www.ipa-acon.nl\/wordpress\/wp-content\/uploads\/2026\/02\/logo-ipa-acon.png","contentUrl":"https:\/\/www.ipa-acon.nl\/wordpress\/wp-content\/uploads\/2026\/02\/logo-ipa-acon.png","width":116,"height":131,"caption":"Ipa-Acon"},"image":{"@id":"https:\/\/www.ipa-acon.nl\/wordpress\/#\/schema\/logo\/image\/"},"sameAs":["https:\/\/www.facebook.com\/svbvermogensbeheer"]}]}},"_links":{"self":[{"href":"https:\/\/www.ipa-acon.nl\/wordpress\/wp-json\/wp\/v2\/pages\/97","targetHints":{"allow":["GET"]}}],"collection":[{"href":"https:\/\/www.ipa-acon.nl\/wordpress\/wp-json\/wp\/v2\/pages"}],"about":[{"href":"https:\/\/www.ipa-acon.nl\/wordpress\/wp-json\/wp\/v2\/types\/page"}],"author":[{"embeddable":true,"href":"https:\/\/www.ipa-acon.nl\/wordpress\/wp-json\/wp\/v2\/users\/2"}],"replies":[{"embeddable":true,"href":"https:\/\/www.ipa-acon.nl\/wordpress\/wp-json\/wp\/v2\/comments?post=97"}],"version-history":[{"count":38,"href":"https:\/\/www.ipa-acon.nl\/wordpress\/wp-json\/wp\/v2\/pages\/97\/revisions"}],"predecessor-version":[{"id":170,"href":"https:\/\/www.ipa-acon.nl\/wordpress\/wp-json\/wp\/v2\/pages\/97\/revisions\/170"}],"wp:attachment":[{"href":"https:\/\/www.ipa-acon.nl\/wordpress\/wp-json\/wp\/v2\/media?parent=97"}],"curies":[{"name":"wp","href":"https:\/\/api.w.org\/{rel}","templated":true}]}}